{"id":3662,"date":"2023-07-20T09:46:26","date_gmt":"2023-07-20T09:46:26","guid":{"rendered":"http:\/\/51.68.177.34\/jashtme\/?page_id=3662"},"modified":"2023-07-20T09:47:11","modified_gmt":"2023-07-20T09:47:11","slug":"publikime","status":"publish","type":"page","link":"http:\/\/51.68.177.34\/jashtme\/integrimi-ne-be\/anetaresimi-ne-be\/publikime\/","title":{"rendered":"Publikime"},"content":{"rendered":"<p><strong><i>Traktate, ABC e Legjislacionit t\u00eb BE, Shpjegimi i MSA, Flet\u00ebpalosje, Broshura etj.<\/i><\/strong><\/p>\n<p>Marreveshja e Stabilizim Asociimit \u2013 Fjalorth i Termave Kryesore<\/p>\n<p>Fjalorth per Integrimin Europian, Institucionet dhe Politikat e Bashkimit Europian<\/p>\n<p>ABC-ja e s\u00eb Drejt\u00ebs s\u00eb Bashkimit Europian<\/p>\n<p>E drejta e aksesit t\u00eb dokumenteve t\u00eb Parlamentit, K\u00ebshillit dhe Komisionit Europian<\/p>\n<p>Krijo historin\u00eb t\u00ebnde<\/p>\n<p>Si t\u00eb k\u00ebrkojm\u00eb informacion p\u00ebr BE-n\u00eb<\/p>\n<p>Material m\u00ebsimor p\u00ebr Bashkimin Europian<\/p>\n<p>Manual p\u00ebr p\u00ebrkthimin e legjislacionit shqiptar ne anglisht<\/p>\n<p>Versioni i Konsoliduar i Traktateve te BE-se<\/p>\n<p>Manual p\u00ebr Zyrtarin e Integrimit Europian<\/p>\n","protected":false},"excerpt":{"rendered":"<p>Traktate, ABC e Legjislacionit t\u00eb BE, Shpjegimi i MSA, Flet\u00ebpalosje, Broshura etj. Marreveshja e Stabilizim Asociimit \u2013 Fjalorth i Termave Kryesore Fjalorth per Integrimin Europian, Institucionet dhe Politikat e Bashkimit Europian ABC-ja e s\u00eb Drejt\u00ebs s\u00eb Bashkimit Europian E drejta e aksesit t\u00eb dokumenteve t\u00eb Parlamentit, K\u00ebshillit dhe Komisionit Europian Krijo historin\u00eb t\u00ebnde Si t\u00eb [&hellip;]<\/p>\n","protected":false},"author":1,"featured_media":0,"parent":3599,"menu_order":0,"comment_status":"closed","ping_status":"closed","template":"","meta":{"_acf_changed":false,"footnotes":""},"class_list":["post-3662","page","type-page","status-publish","hentry"],"translation":{"provider":"WPGlobus","version":"2.12.2","language":"al","enabled_languages":["al","en"],"languages":{"al":{"title":true,"content":true,"excerpt":false},"en":{"title":true,"content":true,"excerpt":false}}},"acf":[],"_links":{"self":[{"href":"http:\/\/51.68.177.34\/jashtme\/wp-json\/wp\/v2\/pages\/3662"}],"collection":[{"href":"http:\/\/51.68.177.34\/jashtme\/wp-json\/wp\/v2\/pages"}],"about":[{"href":"http:\/\/51.68.177.34\/jashtme\/wp-json\/wp\/v2\/types\/page"}],"author":[{"embeddable":true,"href":"http:\/\/51.68.177.34\/jashtme\/wp-json\/wp\/v2\/users\/1"}],"replies":[{"embeddable":true,"href":"http:\/\/51.68.177.34\/jashtme\/wp-json\/wp\/v2\/comments?post=3662"}],"version-history":[{"count":5,"href":"http:\/\/51.68.177.34\/jashtme\/wp-json\/wp\/v2\/pages\/3662\/revisions"}],"predecessor-version":[{"id":3667,"href":"http:\/\/51.68.177.34\/jashtme\/wp-json\/wp\/v2\/pages\/3662\/revisions\/3667"}],"up":[{"embeddable":true,"href":"http:\/\/51.68.177.34\/jashtme\/wp-json\/wp\/v2\/pages\/3599"}],"wp:attachment":[{"href":"http:\/\/51.68.177.34\/jashtme\/wp-json\/wp\/v2\/media?parent=3662"}],"curies":[{"name":"wp","href":"https:\/\/api.w.org\/{rel}","templated":true}]}}