{"id":3114,"date":"2023-05-18T08:02:22","date_gmt":"2023-05-18T08:02:22","guid":{"rendered":"http:\/\/51.68.177.34\/jashtme\/?page_id=3114"},"modified":"2023-07-25T07:47:55","modified_gmt":"2023-07-25T07:47:55","slug":"njoftime-per-procedurat-e-rekrutimit-pranimit-ne-sherbim-civil","status":"publish","type":"page","link":"http:\/\/51.68.177.34\/jashtme\/njoftime-per-procedurat-e-rekrutimit-pranimit-ne-sherbim-civil\/","title":{"rendered":"Njoftime p\u00ebr procedurat e rekrutimit\/pranimit n\u00eb sh\u00ebrbim civil"},"content":{"rendered":"<p data-wahfont=\"13\"><strong>Rekrutimet n\u00eb sh\u00ebrbimin civil kryhen nga Departamenti i Administrat\u00ebs Publike dhe vendet vakante shpallen n\u00eb faqen e tyre zyrtare\u00a0<a id=\"m_9212771008934780552LPlnk221100\" href=\"http:\/\/rekrutimi.administrata.al\/shpalljet\" target=\"_blank\" rel=\"noopener noreferrer\" data-saferedirecturl=\"https:\/\/www.google.com\/url?q=http:\/\/rekrutimi.administrata.al\/shpalljet&amp;source=gmail&amp;ust=1652279626176000&amp;usg=AOvVaw0RoT1OlcXY1VuuiQOiQF8H\" data-wahfont=\"13\">http:\/\/rekrutimi.administrata.<wbr \/>al\/shpalljet<\/a><\/strong><\/p>\n<hr \/>\n<ul>\n<li style=\"list-style-type: none;\">\n<ul>\n<li style=\"text-align: center; list-style-type: none;\" data-wahfont=\"13\"><strong><a href=\"\/jashtme\/wp-content\/uploads\/2023\/05\/ligji-nr.23-2015-per-sherbimin-e-jashtem.pdf\" target=\"_blank\" rel=\"noopener\" data-wahfont=\"13\">Ligji p\u00ebr Sh\u00ebrbimin e Jasht\u00ebm t\u00eb RSh-s\u00eb<\/a><\/strong><\/li>\n<\/ul>\n<\/li>\n<\/ul>\n<hr \/>\n<ul>\n<li style=\"list-style-type: none;\">\n<ul>\n<li style=\"text-align: center; list-style-type: none;\" data-wahfont=\"13\"><strong><a href=\"\/jashtme\/wp-content\/uploads\/2023\/05\/ligji-per-nepunesin-civil.pdf\" data-wahfont=\"13\">Ligji p\u00ebr N\u00ebpun\u00ebsin Civil<\/a><\/strong><\/li>\n<\/ul>\n<\/li>\n<\/ul>\n<hr \/>\n<p data-wahfont=\"13\">\n","protected":false},"excerpt":{"rendered":"<p>Rekrutimet n\u00eb sh\u00ebrbimin civil kryhen nga Departamenti i Administrat\u00ebs Publike dhe vendet vakante shpallen n\u00eb faqen e tyre zyrtare\u00a0http:\/\/rekrutimi.administrata.al\/shpalljet Ligji p\u00ebr Sh\u00ebrbimin e Jasht\u00ebm t\u00eb RSh-s\u00eb Ligji p\u00ebr N\u00ebpun\u00ebsin Civil<\/p>\n","protected":false},"author":1,"featured_media":2902,"parent":0,"menu_order":0,"comment_status":"closed","ping_status":"closed","template":"","meta":{"_acf_changed":false,"footnotes":""},"class_list":["post-3114","page","type-page","status-publish","has-post-thumbnail","hentry"],"translation":{"provider":"WPGlobus","version":"2.12.2","language":"al","enabled_languages":["al","en"],"languages":{"al":{"title":true,"content":true,"excerpt":false},"en":{"title":true,"content":true,"excerpt":false}}},"acf":[],"_links":{"self":[{"href":"http:\/\/51.68.177.34\/jashtme\/wp-json\/wp\/v2\/pages\/3114"}],"collection":[{"href":"http:\/\/51.68.177.34\/jashtme\/wp-json\/wp\/v2\/pages"}],"about":[{"href":"http:\/\/51.68.177.34\/jashtme\/wp-json\/wp\/v2\/types\/page"}],"author":[{"embeddable":true,"href":"http:\/\/51.68.177.34\/jashtme\/wp-json\/wp\/v2\/users\/1"}],"replies":[{"embeddable":true,"href":"http:\/\/51.68.177.34\/jashtme\/wp-json\/wp\/v2\/comments?post=3114"}],"version-history":[{"count":9,"href":"http:\/\/51.68.177.34\/jashtme\/wp-json\/wp\/v2\/pages\/3114\/revisions"}],"predecessor-version":[{"id":4328,"href":"http:\/\/51.68.177.34\/jashtme\/wp-json\/wp\/v2\/pages\/3114\/revisions\/4328"}],"wp:featuredmedia":[{"embeddable":true,"href":"http:\/\/51.68.177.34\/jashtme\/wp-json\/wp\/v2\/media\/2902"}],"wp:attachment":[{"href":"http:\/\/51.68.177.34\/jashtme\/wp-json\/wp\/v2\/media?parent=3114"}],"curies":[{"name":"wp","href":"https:\/\/api.w.org\/{rel}","templated":true}]}}