{"id":2942,"date":"2023-05-15T14:06:03","date_gmt":"2023-05-15T14:06:03","guid":{"rendered":"http:\/\/51.68.177.34\/jashtme\/?page_id=2942"},"modified":"2023-07-24T08:17:20","modified_gmt":"2023-07-24T08:17:20","slug":"kontakt-1","status":"publish","type":"page","link":"http:\/\/51.68.177.34\/jashtme\/kontakt-1\/","title":{"rendered":"Kontakt"},"content":{"rendered":"<p data-wahfont=\"13\"><strong><span data-wahfont=\"18\">KOORDINATOR P\u00cbR T\u00cb DREJT\u00cbN E INFORMIMIT<\/span><\/strong><\/p>\n<p data-wahfont=\"13\">\n<p data-wahfont=\"13\">Ligji nr. 119\/2014 \u201cP\u00ebr t\u00eb drejt\u00ebn e informimit\u201d<\/p>\n<p data-wahfont=\"13\">\n<p data-wahfont=\"13\"><a href=\"mailto:Koordinatorimfa@mfa.gov.al\" target=\"_blank\" rel=\"noopener noreferrer\" data-wahfont=\"13\"><strong><span data-wahfont=\"13\">Koordinatorimfa@mfa.gov.al<\/span><\/strong><\/a><\/p>\n","protected":false},"excerpt":{"rendered":"<p>KOORDINATOR P\u00cbR T\u00cb DREJT\u00cbN E INFORMIMIT Ligji nr. 119\/2014 \u201cP\u00ebr t\u00eb drejt\u00ebn e informimit\u201d Koordinatorimfa@mfa.gov.al<\/p>\n","protected":false},"author":1,"featured_media":2902,"parent":0,"menu_order":0,"comment_status":"closed","ping_status":"closed","template":"","meta":{"_acf_changed":false,"footnotes":""},"class_list":["post-2942","page","type-page","status-publish","has-post-thumbnail","hentry"],"translation":{"provider":"WPGlobus","version":"2.12.2","language":"al","enabled_languages":["al","en"],"languages":{"al":{"title":true,"content":true,"excerpt":false},"en":{"title":true,"content":true,"excerpt":false}}},"acf":[],"_links":{"self":[{"href":"http:\/\/51.68.177.34\/jashtme\/wp-json\/wp\/v2\/pages\/2942"}],"collection":[{"href":"http:\/\/51.68.177.34\/jashtme\/wp-json\/wp\/v2\/pages"}],"about":[{"href":"http:\/\/51.68.177.34\/jashtme\/wp-json\/wp\/v2\/types\/page"}],"author":[{"embeddable":true,"href":"http:\/\/51.68.177.34\/jashtme\/wp-json\/wp\/v2\/users\/1"}],"replies":[{"embeddable":true,"href":"http:\/\/51.68.177.34\/jashtme\/wp-json\/wp\/v2\/comments?post=2942"}],"version-history":[{"count":4,"href":"http:\/\/51.68.177.34\/jashtme\/wp-json\/wp\/v2\/pages\/2942\/revisions"}],"predecessor-version":[{"id":4126,"href":"http:\/\/51.68.177.34\/jashtme\/wp-json\/wp\/v2\/pages\/2942\/revisions\/4126"}],"wp:featuredmedia":[{"embeddable":true,"href":"http:\/\/51.68.177.34\/jashtme\/wp-json\/wp\/v2\/media\/2902"}],"wp:attachment":[{"href":"http:\/\/51.68.177.34\/jashtme\/wp-json\/wp\/v2\/media?parent=2942"}],"curies":[{"name":"wp","href":"https:\/\/api.w.org\/{rel}","templated":true}]}}