{"id":2872,"date":"2023-05-15T09:12:13","date_gmt":"2023-05-15T09:12:13","guid":{"rendered":"http:\/\/51.68.177.34\/jashtme\/?page_id=2872"},"modified":"2023-07-21T13:54:37","modified_gmt":"2023-07-21T13:54:37","slug":"procesi-i-berlinit","status":"publish","type":"page","link":"http:\/\/51.68.177.34\/jashtme\/procesi-i-berlinit\/","title":{"rendered":"Procesi i Berlinit"},"content":{"rendered":"<p data-wahfont=\"13\">Procesi i Berlinit \u00ebsht\u00eb nj\u00eb iniciativ\u00eb q\u00eb synon rritjen e bashk\u00ebpunimit rajonal n\u00eb Ballkanin Per\u00ebndimor dhe dh\u00ebnien e ndihm\u00ebs p\u00ebr integrimin e vendeve t\u00eb BP n\u00eb Bashkimin Evropian. Ai filloi dhe u prezantua n\u00eb 28 Gusht 2014, nga Kancelarja Gjermane Angela Merkel. Q\u00ebllimet e Procesit u p\u00ebrshkruan n\u00eb Deklarat\u00ebn P\u00ebrfundimtare nga Kryesia Gjerman: \u201cT\u00eb b\u00ebjm\u00eb progres shtes\u00eb real n\u00eb procesin e reform\u00ebs, n\u00eb zgjidhjen e \u00e7\u00ebshtjeve t\u00eb pazgjidhura bilaterale dhe t\u00eb brendshme dhe n\u00eb arritjen e pajtimit brenda dhe midis shoq\u00ebrive n\u00eb rajon\u201d, si dhe t\u00eb rrisim \u201cbashk\u00ebpunimin ekonomik rajonal dhe t\u00eb hedhim bazat p\u00ebr nj\u00eb rritje t\u00eb q\u00ebndrueshme\u201d.<\/p>\n<p data-wahfont=\"13\">Procesi i Berlinit po zhvillohet me mb\u00ebshtetjen e Komisionit Evropian, institucioneve financiare nd\u00ebrkomb\u00ebtare dhe shteteve an\u00ebtare t\u00eb p\u00ebrfshira n\u00eb Proces \u2013 Austri, Kroaci, Franc\u00eb, Gjermani, Itali, Slloveni dhe Mbret\u00ebria e Bashkuar\u00a0 s\u00eb bashku me vendet e Ballkanit Per\u00ebndimor.\u00a0 Ai \u00ebsht\u00eb ndihm\u00eb shtes\u00eb e procesit institucional t\u00eb integrimit n\u00eb BE t\u00eb shteteve, bazuar n\u00eb miratimin e acquis-communautaire.<\/p>\n<p data-wahfont=\"13\">Agjenda e nd\u00ebrlidhjes (connectivity agenda) s\u00eb Procesit i referohet shk\u00ebmbimeve humane (dimensioni shoq\u00ebror), bashk\u00ebpunimit ekonomik (dimensioni ekonomik) dhe bashk\u00ebpunimit politik (dimensioni politik) t\u00eb rajonit. Brenda k\u00ebsaj agjende, Procesi i Berlinit ka patur marr\u00ebveshje dhe projekte n\u00eb fushat e transportit dhe infrastruktur\u00ebs, bashk\u00ebpunimit ekonomik, bashk\u00ebpunimit t\u00eb t\u00eb rinjve dhe bashk\u00ebpunimit midis bizneseve dhe midis shoq\u00ebrive civile t\u00eb Ballkanit Per\u00ebndimor.\u00a0 N\u00eb kuad\u00ebr t\u00eb procesit t\u00eb Berlinit jan\u00eb krijuar: Zyra Rajonale e Bashk\u00ebpunimit Rinor (RYCO), Forumi i Investimeve i Dhomave t\u00eb Ballkanit Per\u00ebndimor (WBCIF) \u00ebsht\u00eb arritje t\u00eb padiskutueshme t\u00eb Procesit t\u00eb Berlinit.<\/p>\n<p data-wahfont=\"13\">Gjithashtu, krijimi i Korridoreve t\u00eb gjelbra dhe Marr\u00ebveshja Roaming (implementimi\u00a0 filloi me 1 korrik 2021) jan\u00eb arritje t\u00eb rend\u00ebsishme t\u00eb bashk\u00ebpunimit rajonal n\u00eb kuad\u00ebr t\u00eb procesit t\u00eb Berlinit. N\u00eb Samitin e Procesit t\u00eb Berlinit korrik 2021 u miratua n\u00eb parim ideja e korridoreve t\u00eb gjelbra midis Ballkanit Per\u00ebndimor dhe BE-s\u00eb. Gjithashtu u vendos t\u00eb hartohet Marr\u00ebveshja Roaming midis vendeve t\u00eb BP me BE-s\u00eb, p\u00ebr uljen e tarifave roaming.<\/p>\n<p data-wahfont=\"13\">Krahas takimeve t\u00eb zyrtar\u00ebve m\u00eb t\u00eb lart\u00eb qeveritar\u00eb (Samiti), Procesi i Berlinit p\u00ebrfshin takimet e p\u00ebrfaq\u00ebsuesve t\u00eb organizatave rajonale t\u00eb shoq\u00ebris\u00eb civile (Forumi i Shoq\u00ebris\u00eb Civile), organizatat rinore (Forumi Rinor) dhe shoqatat e biznesit (Forumi i Biznesit).<\/p>\n<p data-wahfont=\"13\">1-\u00a0<strong>Samiti i Procesit t\u00eb Berlinit:<\/strong>\u00a0Mbledhjet vjetore t\u00eb Kryeministrave dhe personaliteteve t\u00eb tjer\u00eb t\u00eb lart\u00eb t\u00eb vendeve t\u00eb Ballkanit Per\u00ebndimor me homolog\u00ebt e tyre\u00a0 \u00a0 \u00a0 nga Bashkimi Evropian dhe Shtetet An\u00ebtare q\u00eb marrin pjes\u00eb n\u00eb Proces.<br \/>\n2-\u00a0<strong>Forumi i Shoq\u00ebris\u00eb Civile:<\/strong>\u00a0Nj\u00eb platform\u00eb p\u00ebrmes s\u00eb cil\u00ebs shoq\u00ebria civile e Ballkanit Per\u00ebndimor siguron kontribut n\u00eb Procesin e Berlinit, duke p\u00ebrpunuar \u00e7\u00ebshtje dhe politika t\u00eb r\u00ebnd\u00ebsishme rajonale dhe duke monitoruar progresin n\u00eb realizimin e q\u00ebllimeve dhe iniciativave t\u00eb Procesit. Takimet vjetore dhe t\u00eb nd\u00ebrmjetme, dhe nj\u00eb nd\u00ebrfaqe konsultimi on-line, ofrojn\u00eb mund\u00ebsi p\u00ebr procese t\u00eb gjera konsultative dhe p\u00ebr formulimin e rekomanduar nga ekspert\u00ebt t\u00eb rekomandimeve t\u00eb politikave p\u00ebr vendimmarr\u00ebsit n\u00eb rajon. Forumi i Shoq\u00ebris\u00eb Civile koordinohet nga Fondi Evropian p\u00ebr Ballkanin.<br \/>\n3-\u00a0<strong>Forumi i Biznesit:<\/strong>\u00a0Nj\u00eb forum q\u00eb bashkon p\u00ebrfaq\u00ebsuesit e bizneseve dhe shoqatat e tyre nga i gjith\u00eb Ballkani Per\u00ebndimor me ekonomist\u00eb dhe vendimmarr\u00ebs t\u00eb shquar nga rajoni, BE dhe Shtetet An\u00ebtare. Forumi sh\u00ebrben si nj\u00eb platform\u00eb p\u00ebr shqyrtimin e sfidave dhe mund\u00ebsive rajonale dhe p\u00ebr fillimin e iniciativave t\u00eb p\u00ebrbashk\u00ebta.<br \/>\n4-\u00a0<strong>Forumi Rinor:<\/strong>\u00a0Nj\u00eb platform\u00eb p\u00ebr shk\u00ebmbim dhe dialog, ku t\u00eb rinjt\u00eb, organizatat rinore, akademit\u00eb dhe vendimmarr\u00ebsit nga Ballkani Per\u00ebndimor dhe Shtetet An\u00ebtare t\u00eb BE diskutojn\u00eb p\u00ebr sfidat e p\u00ebrbashk\u00ebta dhe punojn\u00eb drejt gjetjes s\u00eb zgjidhjeve t\u00eb p\u00ebrbashk\u00ebta<\/p>\n<p data-wahfont=\"13\"><strong>Tregu i P\u00ebrbashk\u00ebt Rajonal<\/strong><\/p>\n<p data-wahfont=\"13\">Pas p\u00ebrfundimit t\u00eb MAP-REA 2017-2020, u hartua m\u00eb 2021, Tregu i P\u00ebrbashk\u00ebt Rajonal (CRM), i cili po implementohet nga WB6 n\u00eb bashk\u00ebpunim me RCC dhe CEFTA. P\u00ebrpjekjet e Rajonit lidhur me reformimin e axhend\u00ebs s\u00eb Tregut t\u00eb P\u00ebrbashk\u00ebt Rajonal (CRM) njihen dhe mb\u00ebshteten gjer\u00ebsisht, p\u00ebrfshir\u00eb edhe Samitin e fundit t\u00eb Procesit te Berlinit korrik 2021, ku liderat mb\u00ebshtet\u00ebn p\u00ebrparimin e m\u00ebtejsh\u00ebm n\u00eb bashk\u00ebpunimin rajonal p\u00ebrmes Tregut t\u00eb P\u00ebrbashk\u00ebt Rajonal, Axhend\u00ebs s\u00eb Gjelb\u00ebr dhe Procesit t\u00eb Berlinit.<\/p>\n<p data-wahfont=\"13\"><strong>Fushat ku operon CRM<\/strong><\/p>\n<p data-wahfont=\"13\">1. zona tregtare rajonale: l\u00ebvizja e lir\u00eb e mallrave, sh\u00ebrbimeve, kapitalit dhe njer\u00ebzve,<br \/>\n2. zona rajonale e investimeve,<br \/>\n3. zona dixhitale rajonale,<br \/>\n4. zona rajonale industriale dhe innovative<\/p>\n<p data-wahfont=\"13\"><strong>Marr\u00ebveshjet e n\u00ebnshkruara n\u00eb Samitin e fundit t\u00eb Procesit t\u00eb Berlinit<\/strong><\/p>\n<p data-wahfont=\"13\">1. Mbi lirin\u00eb e l\u00ebvizjes s\u00eb qytetar\u00ebve t\u00eb vendeve t\u00eb BP;<br \/>\n2. Marr\u00ebveshja p\u00ebr njohjen e kualifikimeve akademike;<br \/>\n3. Marr\u00ebveshja p\u00ebr njohjen reciproke t\u00eb kualifikimeve profesionale t\u00eb mjek\u00ebve t\u00eb mjek\u00ebsis\u00eb, stomatolog\u00ebve dhe arkitekt\u00ebve n\u00eb kontekstin e marr\u00ebveshjes CEFTA.<\/p>\n<p data-wahfont=\"13\"><strong>Marr\u00ebveshjet n\u00eb proces t\u00eb CRM-s\u00eb<\/strong><\/p>\n<p data-wahfont=\"13\">1. Mbi lirin\u00eb e l\u00ebvizjes s\u00eb qytetar\u00ebve t\u00eb vendeve t\u00eb treta;<\/p>\n","protected":false},"excerpt":{"rendered":"<p>Procesi i Berlinit \u00ebsht\u00eb nj\u00eb iniciativ\u00eb q\u00eb synon rritjen e bashk\u00ebpunimit rajonal n\u00eb Ballkanin Per\u00ebndimor dhe dh\u00ebnien e ndihm\u00ebs p\u00ebr integrimin e vendeve t\u00eb BP n\u00eb Bashkimin Evropian. Ai filloi dhe u prezantua n\u00eb 28 Gusht 2014, nga Kancelarja Gjermane Angela Merkel. Q\u00ebllimet e Procesit u p\u00ebrshkruan n\u00eb Deklarat\u00ebn P\u00ebrfundimtare nga Kryesia Gjerman: \u201cT\u00eb b\u00ebjm\u00eb [&hellip;]<\/p>\n","protected":false},"author":1,"featured_media":4012,"parent":0,"menu_order":0,"comment_status":"closed","ping_status":"closed","template":"","meta":{"_acf_changed":false,"footnotes":""},"class_list":["post-2872","page","type-page","status-publish","has-post-thumbnail","hentry"],"translation":{"provider":"WPGlobus","version":"2.12.2","language":"al","enabled_languages":["al","en"],"languages":{"al":{"title":true,"content":true,"excerpt":false},"en":{"title":true,"content":true,"excerpt":false}}},"acf":[],"_links":{"self":[{"href":"http:\/\/51.68.177.34\/jashtme\/wp-json\/wp\/v2\/pages\/2872"}],"collection":[{"href":"http:\/\/51.68.177.34\/jashtme\/wp-json\/wp\/v2\/pages"}],"about":[{"href":"http:\/\/51.68.177.34\/jashtme\/wp-json\/wp\/v2\/types\/page"}],"author":[{"embeddable":true,"href":"http:\/\/51.68.177.34\/jashtme\/wp-json\/wp\/v2\/users\/1"}],"replies":[{"embeddable":true,"href":"http:\/\/51.68.177.34\/jashtme\/wp-json\/wp\/v2\/comments?post=2872"}],"version-history":[{"count":7,"href":"http:\/\/51.68.177.34\/jashtme\/wp-json\/wp\/v2\/pages\/2872\/revisions"}],"predecessor-version":[{"id":3958,"href":"http:\/\/51.68.177.34\/jashtme\/wp-json\/wp\/v2\/pages\/2872\/revisions\/3958"}],"wp:featuredmedia":[{"embeddable":true,"href":"http:\/\/51.68.177.34\/jashtme\/wp-json\/wp\/v2\/media\/4012"}],"wp:attachment":[{"href":"http:\/\/51.68.177.34\/jashtme\/wp-json\/wp\/v2\/media?parent=2872"}],"curies":[{"name":"wp","href":"https:\/\/api.w.org\/{rel}","templated":true}]}}