{"id":2818,"date":"2023-05-15T08:32:46","date_gmt":"2023-05-15T08:32:46","guid":{"rendered":"http:\/\/51.68.177.34\/jashtme\/?page_id=2818"},"modified":"2023-07-21T13:46:33","modified_gmt":"2023-07-21T13:46:33","slug":"shqiperia-ne-nato","status":"publish","type":"page","link":"http:\/\/51.68.177.34\/jashtme\/shqiperia-ne-nato\/","title":{"rendered":"Shqip\u00ebria n\u00eb NATO"},"content":{"rendered":"<p data-wahfont=\"13\">An\u00ebtar\u00ebsimi i vendit ton\u00eb n\u00eb NATO, 13 vjet m\u00eb par\u00eb, m\u00eb 1 prill 2009, \u00ebsht\u00eb pa dyshim nj\u00eb nd\u00ebr ngjarjet m\u00eb t\u00eb r\u00ebnd\u00ebsishme jo vet\u00ebm p\u00ebr vendin ton\u00eb, por p\u00ebr t\u00eb gjith\u00eb kombin shqiptar. Aktualisht Shqip\u00ebria e sheh sigurin\u00eb e saj pazgjidhshm\u00ebrisht t\u00eb lidhur me sigurin\u00eb e territorit q\u00eb mbulojn\u00eb prerogativat e Traktatit t\u00eb Atlantikut t\u00eb Veriut.<\/p>\n<p data-wahfont=\"13\">\n<p data-wahfont=\"13\">Nisur nga roli themelor i NATO-s n\u00eb sigurin\u00eb e p\u00ebrbashk\u00ebt t\u00eb territorit aleat, Shqip\u00ebria mb\u00ebshtet aktivisht unitetin e Aleanc\u00ebs dhe r\u00ebnd\u00ebsin\u00eb thelb\u00ebsore t\u00eb lidhjes Transatlantike, n\u00eb m\u00ebnyr\u00eb q\u00eb NATO t\u00eb mbetet kolon\u00eb stabiliteti p\u00ebr gjeneratat e ardhshme. Nd\u00ebrsa p\u00ebrballemi me nj\u00eb gam\u00eb m\u00eb t\u00eb gjer\u00eb k\u00ebrc\u00ebnimesh, mjaft m\u00eb komplekse e m\u00eb t\u00eb nd\u00ebrlikuara sesa n\u00eb t\u00eb kaluar\u00ebn, Aleanca Atlantike vazhdon t\u00eb p\u00ebrb\u00ebj\u00eb gurin e themelit t\u00eb siguris\u00eb s\u00eb p\u00ebrbashk\u00ebt t\u00eb vendeve t\u00eb saj an\u00ebtare. K\u00ebshtu, agresioni ushtarak i Rusis\u00eb n\u00eb Ukrain\u00eb, i cili p\u00ebrb\u00ebn dhe kriz\u00ebn m\u00eb t\u00eb madhe t\u00eb siguris\u00eb n\u00eb Evrop\u00eb q\u00eb prej dekadash, po shoq\u00ebrohen me sulme t\u00eb natyr\u00ebs hibride dhe kibernetike, si edhe me nj\u00eb propagand\u00eb t\u00eb intensifikuar kund\u00ebr vlerave thelb\u00ebsore t\u00eb Aleanc\u00ebs Atlantike. Atyre i shtohen k\u00ebrc\u00ebnimet e shtuara t\u00eb terrorizmit si dhe paq\u00ebndrueshm\u00ebria n\u00eb Lindjen e Mesme dhe Afrik\u00ebn e Veriut, e cila ushqen fluksin e emigracionit n\u00eb shkall\u00eb t\u00eb gjer\u00eb drejt Evrop\u00ebs dhe gjithashtu frym\u00ebzon m\u00eb tej aktivitetet terroriste dhe ekstremizmin e dhunsh\u00ebm.<\/p>\n<p data-wahfont=\"13\">\n<p data-wahfont=\"13\">N\u00eb takimet e shtuara t\u00eb nivelit t\u00eb lart\u00eb politik n\u00eb NATO, q\u00eb prej dat\u00ebs 24 shkurt t\u00eb k\u00ebtij viti, Shqip\u00ebria, krahas vendeve t\u00eb tjera t\u00eb NATO-s, ka d\u00ebnuar ashp\u00ebr sulmin e paprovokuar t\u00eb Rusis\u00eb ndaj Ukrain\u00ebs, duke e cil\u00ebsuar at\u00eb si nj\u00eb shkelje t\u00eb r\u00ebnd\u00eb t\u00eb s\u00eb Drejt\u00ebs Nd\u00ebrkomb\u00ebtare dhe si nj\u00eb k\u00ebrc\u00ebnim tep\u00ebr serioz p\u00ebr sigurin\u00eb euroatlantike. Gjithashtu, Shqip\u00ebria \u00ebsht\u00eb pjes\u00eb e vullnetit t\u00eb pal\u00ebkundur t\u00eb NATO-s p\u00ebr t\u00eb b\u00ebr\u00eb gjith\u00e7ka q\u00eb duhet p\u00ebr t\u00eb siguruar dhe mbrojtur\u00a0t\u00eb gjith\u00eb vendet aleate. N\u00eb kuadrin e p\u00ebrpjekjeve t\u00eb Aleanc\u00ebs p\u00ebr mbrojtjen dhe sigurimin e territorit t\u00eb Aleanc\u00ebs Atlantike, Shqip\u00ebria \u00ebsht\u00eb dhe do vazhdoj\u00eb t\u00eb jet\u00eb plot\u00ebsisht e angazhuar p\u00ebr t\u00eb dh\u00ebn\u00eb kontributin e saj n\u00eb suaz\u00ebn e NATO-s. K\u00ebshtu, n\u00eb dimensionin thelb\u00ebsor aleat t\u00eb Mbrojtjes dhe Shkurajimit, Shqip\u00ebria kontribuon ushtarakisht n\u00eb p\u00ebrforcimin m\u00eb t\u00eb madh t\u00eb mbrojtjes kolektive q\u00eb nga Lufta e Ftoht\u00eb, n\u00ebp\u00ebrmjet v\u00ebnies n\u00eb jet\u00eb t\u00eb Pranis\u00eb s\u00eb P\u00ebrparuar t\u00eb NATO-s n\u00eb Lindje \u2013EfP (<em>Enhanced Forward Presence)<\/em>.<\/p>\n<p data-wahfont=\"13\">\n<p data-wahfont=\"13\">Aktualisht, ushtarak\u00ebt shqiptar\u00eb jan\u00eb pjes\u00eb e mij\u00ebra trupave t\u00eb vendeve t\u00eb NATO-s, t\u00eb cil\u00ebt sh\u00ebrbejn\u00eb n\u00eb operacionet dhe misionet e Aleanc\u00ebs\u00a0 n\u00eb vendet baltike, Poloni, Rumani, Bullgari dhe n\u00eb Kosov\u00eb.\u00a0 Po ashtu, Shqip\u00ebria\u00a0 kontribuon n\u00eb rritjen e gatishm\u00ebris\u00eb s\u00eb forcave aleate, modernizimin e struktur\u00ebs s\u00eb komand\u00ebs ushtarake. Paralelisht, Shqip\u00ebria, bazuar n\u00eb pozicionin e saj gjeografik dhe si an\u00ebtare fillestare e Koalicionit Global kund\u00ebr t\u00eb vet\u00ebquajturit \u201cShtet Islamik\u201d, ajo mb\u00ebshtet aktivisht rolin e intensifikuar t\u00eb NATO-s n\u00eb luft\u00ebn kund\u00ebr terrorizmit si dhe projektimin e stabilitetit n\u00eb dhe p\u00ebrreth zon\u00ebs euroatlantike.<\/p>\n<p data-wahfont=\"13\">\n<p data-wahfont=\"13\">N\u00eb suaz\u00ebn e detyrimeve q\u00eb rrjedhin nga vendimmarrja kolektive n\u00eb NATO dhe q\u00eb\u00a0 synojn\u00eb p\u00ebrballimin e sfidave t\u00eb siguris\u00eb, Shqip\u00ebria i ka dh\u00ebn\u00eb p\u00ebrpar\u00ebsi rritjes s\u00eb buxhetit t\u00eb Mbrojtjes duke mb\u00ebshtetur domosdoshm\u00ebrin\u00eb dhe ndarjen m\u00eb t\u00eb drejt\u00eb t\u00eb barr\u00ebs financiare midis aleat\u00ebve, n\u00eb funksion t\u00eb misionit kryesor t\u00eb NATO-s q\u00eb mbetet mbrojta kolektive e popullat\u00ebs dhe territorit t\u00eb Aleanc\u00ebs Atlantike. Rritja e investimeve n\u00eb mbrojtje i sh\u00ebrben gjithashtu aft\u00ebsive t\u00eb reja t\u00eb forcave aleate, p\u00ebrmir\u00ebsimit t\u00eb m\u00ebtejsh\u00ebm t\u00eb gatishm\u00ebris\u00eb, si dhe rritjes s\u00eb kontributeve n\u00eb misionet dhe operacionet e NATO-s.<\/p>\n<p data-wahfont=\"13\">N\u00eb sfidat e r\u00ebnd\u00ebsishme p\u00ebr sigurin\u00eb aleate hyn edhe p\u00ebrhapja e nj\u00eb narrative t\u00eb rrem\u00eb e sponsorizuar aktivisht n\u00ebp\u00ebrmjet taktikave hibride nga fuqi antagoniste t\u00eb Aleanc\u00ebs. Kjo narrativ\u00eb synon t\u00eb d\u00ebmtoj\u00eb kohezionin e NATO-s duke mbrojtur tezat se Aleanca Atlantike \u00ebsht\u00eb tashm\u00eb nj\u00eb anakroniz\u00ebm i vjetruar. Kjo narrativ\u00eb shtron domosdoshm\u00ebrin\u00eb e shtimit t\u00eb p\u00ebrpjekjeve energjike p\u00ebr ta kund\u00ebrshtuar at\u00eb n\u00eb l\u00ebmin e diplomacis\u00eb publike, si nga vendet aleate, ashtu dhe nga vet\u00eb NATO, duke i paraqitur opinionit publik fakte t\u00eb pamohueshme mbi vlerat dhe arritjet e Aleanc\u00ebs n\u00eb k\u00ebto 73 vite dhe duke argumentuar konkretisht se NATO nuk ka qen\u00eb kurr\u00eb m\u00eb e r\u00ebnd\u00ebsishme se sot p\u00ebr stabilitetin dhe sigurin\u00eb e territorit aleat.<\/p>\n<p data-wahfont=\"13\">\n<p data-wahfont=\"13\">Shqip\u00ebria e ka plot\u00ebsisht t\u00eb qart\u00eb se gama e re e k\u00ebrc\u00ebnimeve nuk mund t\u00eb p\u00ebrballohet vet\u00ebm me mjete ushtarake, prandaj n\u00eb cil\u00ebsin\u00eb e saj t\u00eb dyfisht\u00eb, si vend an\u00ebtar i NATO-s dhe vend kandidat n\u00eb BE, favorizon intensifikimin e\u00a0 bashk\u00ebpunimit t\u00eb ngusht\u00eb NATO-BE p\u00ebr p\u00ebrballimin\u00a0 e tyre. Nj\u00eb shembull i qart\u00eb \u00ebsht\u00eb edhe pjes\u00ebmarrja e Shqip\u00ebris\u00eb q\u00eb prej vitit 2016 n\u00eb operacionin e NATO-s n\u00eb Detin Egje, n\u00eb mb\u00ebshtetje t\u00eb p\u00ebrpjekjeve t\u00eb BE-s\u00eb kund\u00ebr emigracionit t\u00eb paligjsh\u00ebm. P\u00ebr Shqip\u00ebrin\u00eb bashk\u00ebpunimi aktiv NATO-BE n\u00eb l\u00ebmin e siguris\u00eb ka nj\u00eb r\u00ebnd\u00ebsi t\u00eb madhe n\u00eb lidhje me sigurin\u00eb e Evrop\u00ebs dhe m\u00eb gjer\u00eb. BE-ja \u00ebsht\u00eb nj\u00eb partner strategjik dhe thelb\u00ebsor p\u00ebr NATO-n. T\u00eb dy organizatat ndajn\u00eb shumic\u00ebn e an\u00ebtar\u00ebve t\u00eb tyre dhe kan\u00eb vlera, interesa strategjike dhe sfida t\u00eb p\u00ebrbashk\u00ebta. P\u00ebrballimi i tyre e \u00e7ojn\u00eb natyrsh\u00ebm NATO-n dhe BE-n\u00eb t\u00eb bashk\u00ebpunojn\u00eb m\u00eb ngusht\u00eb se kurr\u00eb m\u00eb par\u00eb n\u00eb 74 fusha, p\u00ebrfshir\u00eb p\u00ebrballimin e k\u00ebrc\u00ebnimeve hibride. Ve\u00e7an\u00ebrisht i r\u00ebnd\u00ebsish\u00ebm p\u00ebr Shqip\u00ebrin\u00eb \u00ebsht\u00eb bashk\u00ebpunimi midis NATO-s dhe BE-s\u00eb lidhur me sigurin\u00eb n\u00eb rajonin ton\u00eb ku ky bashk\u00ebpunim materializohet n\u00eb pjes\u00eb t\u00eb ndryshme t\u00eb tij, si n\u00eb Kosov\u00eb dhe n\u00eb Bosnje dhe Hercegovin\u00eb.<\/p>\n<p data-wahfont=\"13\">\n<p data-wahfont=\"13\">Sa i p\u00ebrket rajonit ton\u00eb, i cil\u00ebsuar me rend\u00ebsi strategjike nga NATO n\u00eb Samitet e viteve t\u00eb fundit, Shqip\u00ebria vijon t\u00eb mbetet nj\u00eb mb\u00ebshtet\u00ebse e fort\u00eb e politik\u00ebs s\u00eb zgjerimit te Aleanc\u00ebs. An\u00ebtar\u00ebsimi, vitet e fundit, i fqinj\u00ebve tan\u00eb n\u00eb NATO \u00ebsht\u00eb nj\u00eb evidenc\u00eb e qart\u00eb e jet\u00ebsimit t\u00eb k\u00ebsaj politike, q\u00eb i sh\u00ebrben forcimit t\u00eb paqes, siguris\u00eb e stabilitetit t\u00eb rajonit, si dhe pengimit t\u00eb influencave negative aktor\u00ebve t\u00eb tret\u00eb. Po ashtu, ajo ka mb\u00ebshtetur energjikisht n\u00eb NATO intensifikimin e marr\u00ebdh\u00ebnieve institucionale t\u00eb Kosov\u00ebs me Aleanc\u00ebn Atlantike.<\/p>\n","protected":false},"excerpt":{"rendered":"<p>An\u00ebtar\u00ebsimi i vendit ton\u00eb n\u00eb NATO, 13 vjet m\u00eb par\u00eb, m\u00eb 1 prill 2009, \u00ebsht\u00eb pa dyshim nj\u00eb nd\u00ebr ngjarjet m\u00eb t\u00eb r\u00ebnd\u00ebsishme jo vet\u00ebm p\u00ebr vendin ton\u00eb, por p\u00ebr t\u00eb gjith\u00eb kombin shqiptar. Aktualisht Shqip\u00ebria e sheh sigurin\u00eb e saj pazgjidhshm\u00ebrisht t\u00eb lidhur me sigurin\u00eb e territorit q\u00eb mbulojn\u00eb prerogativat e Traktatit t\u00eb Atlantikut [&hellip;]<\/p>\n","protected":false},"author":1,"featured_media":4012,"parent":0,"menu_order":0,"comment_status":"closed","ping_status":"closed","template":"","meta":{"_acf_changed":false,"footnotes":""},"class_list":["post-2818","page","type-page","status-publish","has-post-thumbnail","hentry"],"translation":{"provider":"WPGlobus","version":"2.12.2","language":"al","enabled_languages":["al","en"],"languages":{"al":{"title":true,"content":true,"excerpt":false},"en":{"title":true,"content":true,"excerpt":false}}},"acf":[],"_links":{"self":[{"href":"http:\/\/51.68.177.34\/jashtme\/wp-json\/wp\/v2\/pages\/2818"}],"collection":[{"href":"http:\/\/51.68.177.34\/jashtme\/wp-json\/wp\/v2\/pages"}],"about":[{"href":"http:\/\/51.68.177.34\/jashtme\/wp-json\/wp\/v2\/types\/page"}],"author":[{"embeddable":true,"href":"http:\/\/51.68.177.34\/jashtme\/wp-json\/wp\/v2\/users\/1"}],"replies":[{"embeddable":true,"href":"http:\/\/51.68.177.34\/jashtme\/wp-json\/wp\/v2\/comments?post=2818"}],"version-history":[{"count":4,"href":"http:\/\/51.68.177.34\/jashtme\/wp-json\/wp\/v2\/pages\/2818\/revisions"}],"predecessor-version":[{"id":3820,"href":"http:\/\/51.68.177.34\/jashtme\/wp-json\/wp\/v2\/pages\/2818\/revisions\/3820"}],"wp:featuredmedia":[{"embeddable":true,"href":"http:\/\/51.68.177.34\/jashtme\/wp-json\/wp\/v2\/media\/4012"}],"wp:attachment":[{"href":"http:\/\/51.68.177.34\/jashtme\/wp-json\/wp\/v2\/media?parent=2818"}],"curies":[{"name":"wp","href":"https:\/\/api.w.org\/{rel}","templated":true}]}}